hest common divisor of p and x.
1
Let x(a) = 7*a**2 - 23*a + 92. Let i be x(4). What is the greatest common factor of 154 and i?
14
Let r = 160 + -91. Suppose 0 = 5*v - 0 - 20. Suppose 0 = v*g + b - r, -2*b = -4*g + 29 + 37. What is the greatest common factor of 85 and g?
17
Suppose -2*i + 56 = 5*s, 28 = 2*i + 3*s - 28. What is the greatest common divisor of 28 and i?
28
Let k = -688 - -1376. What is the highest common divisor of k and 43?
43
Let f = -838 - -860. Calculate the greatest common factor of f and 693.
11
Suppose -2*b = 6*s - 4*s - 152, b + 4 = 0. Let z = -6 + 16. Calculate the highest common divisor of s and z.
10
Let i(q) = 67*q**2 + q - 2. Let d(k) = -2*k. Let n be d(1). Let w be i(n). Suppose -2*z + 0*z + 48 = 0. Calculate the highest common divisor of z and w.
24
Suppose -208 - 192 = -4*r. Suppose -5*p = -r + 5. Calculate the greatest common factor of 95 and p.
19
Let w(f) = f**3 + 10*f**2 + 10*f + 11. Let g be w(-9). Let l be 30 - (g/2 - -2). Let u = -25 - -43. Calculate the greatest common divisor of l and u.
9
Let c = -262 + 446. Calculate the greatest common factor of 32 and c.
8
Let q = 15 - 12. Suppose 0 = -q*v - 6, 3*n - 54 + 8 = -v. Let s be (-13)/(-7) - (-5)/(-70)*-2. What is the greatest common divisor of s and n?
2
Let s = 308 + -179. Let r be 3 + s - (2 + -2). What is the greatest common factor of 12 and r?
12
Let k(q) = q**2 + 9*q - 26. Let o be k(6). Let f = 80 - o. Calculate the highest common factor of f and 4.
4
Let n = -716 - -752. Calculate the highest common divisor of n and 1152.
36
Let w be (-18)/171 + 23952/114. Calculate the highest common factor of 672 and w.
42
Suppose -202 = -3*i + 248. Let a be 75/60 + 230/8. What is the highest common factor of a and i?
30
Suppose 44*z - 384 = 12. Calculate the highest common divisor of 603 and z.
9
Let k = 16 - 11. Suppose k*q - 6*q = 3. Let h be (-4)/(12/(-33)) - q. Calculate the highest common divisor of 56 and h.
14
Let o be 4/10 + 1659/(-35) + 8. Let a = -13 + 4. Let h = a - o. What is the highest common factor of h and 15?
15
Let q = -56 + 98. Suppose 0 = 5*s - q - 33. Let m be 0 + (-1 - -1) - -6. What is the greatest common factor of s and m?
3
Let z = -97 + 197. Let n = z + -67. Calculate the highest common factor of 22 and n.
11
Let v be (-5)/10 - (508/(-8) - -3). What is the highest common factor of v and 120?
60
Let v be (-1 - -8)/(-3 - 19/(-6)). What is the highest common factor of v and 609?
21
Suppose 2*q = -5*m - 36 + 5, 0 = 3*m + 5*q + 30. Let r be 480/(m*6/(-20)). What is the greatest common divisor of r and 32?
32
Suppose 1 = -u - 3*f - 12, 3*u = -2*f - 4. Let d = 47 + -25. Let j be (5 - u) + d/2. What is the highest common divisor of 112 and j?
14
Let i(n) = 2*n**3 + n**2 - 23*n + 5. Let f be i(5). What is the greatest common factor of 45 and f?
15
Suppose -250 = -5*n - 3*i - 2*i, -5*i = 4*n - 205. What is the highest common factor of 165 and n?
15
Let v(h) = h. Let d(p) = -p**3 - p + 3. Let b be d(0). Suppose -b - 6 = -m. Let a be v(m). Calculate the highest common factor of 9 and a.
9
Let p(l) = 29*l + 27. Let s be p(3). Let m = s + -82. What is the highest common factor of m and 8?
8
Suppose h - 9 = 14. Suppose -83 = -2*b + 3*m, -b = 2*m - 20 - 32. What is the highest common factor of b and h?
23
Let d be (1/(-3))/((-7)/7749). Calculate the greatest common factor of 9 and d.
9
Suppose -5*q - 420 = -4*u, -4*q - 5*u - 133 - 203 = 0. Let m be (30/24)/(-3*1/q). Let w be (8/16)/(1/14). Calculate the greatest common divisor of w and m.
7
Suppose 10*t - 916 = 4034. What is the highest common divisor of 45 and t?
45
Let h = -26 + 31. Suppose -90 = -5*u - h*z, 4*u - 80 = 3*z + z. What is the highest common divisor of u and 95?
19
Let z be (-16 + 0)/(2/2). Let b = z + 21. Suppose 0 = p - 3*k - 9 - 5, -4*p - b*k - 12 = 0. What is the highest common divisor of 5 and p?
1
Suppose -243*c + 239*c + 580 = 0. Calculate the highest common divisor of 58 and c.
29
Let o(k) = 5*k**2 - 26*k - 13. Let u be o(8). What is the highest common divisor of 44 and u?
11
Suppose 2*s - 6594 = -5*h + 9236, -2*s = 10. Calculate the greatest common divisor of 18 and h.
18
Let o(y) = -y**3 - 12*y**2 + 10. Let p be o(-12). Let l = p + -7. Suppose 2*i = -4*q + 2, -3*i = -q - 2*q + 24. What is the greatest common divisor of q and l?
3
Suppose -9*k - 125 = -359. Let u be ((-3)/(-2))/((-3)/(-572)). Calculate the highest common divisor of k and u.
26
Suppose -5*u + 5*l - 4007 = -11752, -2*l = -6. Calculate the greatest common factor of 16 and u.
16
Suppose 0 = -t - 2*h + 6*h + 11, 0 = -t + 3*h + 16. Let m = 806 + -558. Calculate the greatest common factor of m and t.
31
Let o(c) = -14*c + 1. Let y be o(5). Let j be y/(-3) + 0 - -3. Let q(u) = u**2 - 10*u + 11. Let z be q(19). Calculate the highest common divisor of z and j.
26
Let r = 40 + -28. Suppose 0 = -b - b + r. Suppose -6*d + 60 = -2*d. Calculate the highest common factor of d and b.
3
Let y(b) = b**3 - 3*b**2 + 22*b - 60. Let t be y(5). Calculate the greatest common divisor of t and 20.
20
Suppose -68*h - 86*h = -616. Suppose -4*j = -30 - 26. Calculate the greatest common divisor of j and h.
2
Suppose 2*f = -f + 54. Let z be ((-10)/(-6) - 1) + 17696/(-84). Let k be 1*(-48)/(-20)*z/(-4). Calculate the greatest common divisor of k and f.
18
Suppose 167 = -2*f + 285. Calculate the greatest common divisor of 472 and f.
59
Let r be ((-2)/2)/((-11)/33). Suppose 0 = -3*o - v + 134, -6*v - 140 = -r*o - v. Calculate the greatest common divisor of o and 225.
45
Let h(p) = 6*p - 2. Let k be h(10). What is the highest common factor of k and 522?
58
Let o = 1490 - 1488. Calculate the highest common divisor of o and 446.
2
Suppose -769 - 3 = 4*b. Let k = -118 - b. Let w = k + -21. Calculate the greatest common divisor of 18 and w.
18
Suppose -4*i + 230 = 2*o, -3*i + 4*i = 5*o - 630. What is the greatest common factor of o and 100?
25
Suppose 4*z = 0, -7*r + 756 = -3*r + 5*z. What is the highest common factor of r and 168?
21
Let h be (-51)/(-85) - (-9)/(-5)*-3. Suppose -18 = t - 4*t. Let k(f) = f**2 - 7*f + 9. Let v be k(t). Calculate the highest common divisor of h and v.
3
Let k(q) = 4*q**2 - q - 1. Let n be k(-2). Let h = -81 + 120. Let y = n + h. Calculate the highest common divisor of 8 and y.
8
Let k = 1 + -10. Let r be 1/(6/k)*2. Let x be 3*(1 - 121)/r. What is the greatest common factor of x and 15?
15
Let k = -24 + 34. Suppose 6*o + 720 = k*o. Calculate the greatest common factor of o and 20.
20
Suppose -2*r - 2*f = -354 - 868, 0 = 3*r - 5*f - 1841. Suppose 14*z - r = 8*z. Calculate the highest common factor of 34 and z.
34
Let v be 238 + (3/(-1))/(3/(-4)). Calculate the highest common divisor of v and 1089.
121
Suppose 12*h = -847 + 79. Let a be (27/4)/((-24)/h). What is the highest common factor of a and 45?
9
Let l(t) = 11*t**2 + 10*t + 15. Let d be l(-3). What is the highest common divisor of d and 378?
42
Suppose 3*h = -h + 40. Let a be 154/h - (-12)/(-30). What is the greatest common factor of 105 and a?
15
Suppose -2*n + 14 = -a - 19, 0 = n + 3*a - 20. Let s = n - 2. Let q(z) = -z + 4. Let r be q(-6). Calculate the highest common divisor of s and r.
5
Suppose -4*q + 3*w = -736, 4*q + 3*w - 2*w - 736 = 0. Calculate the highest common divisor of q and 8.
8
Let r = 35 - -525. Calculate the highest common divisor of 35 and r.
35
Suppose -15*q + 160 = q. Let x be ((-50)/8)/(2/(-16)). What is the greatest common divisor of x and q?
10
Let w = 96 - 60. Let p be 120/2*-21*12/(-168). What is the greatest common divisor of p and w?
18
Suppose -5*y + 16*z + 1265 = 17*z, 0 = -y - 4*z + 272. Calculate the highest common factor of 21 and y.
21
Let j = 406 - 285. Suppose -9*c = -291 + 192. Calculate the greatest common factor of c and j.
11
Let u(x) = -8*x**3 - x**2 + 5*x - 5. Let z be u(2). Let j = z + 67. What is the greatest common factor of j and 4?
4
Suppose -h + 28 - 17 = 0. Calculate the greatest common factor of h and 121.
11
Let s = -9 + -12. Let w be 172/14 - (-6)/s. Let t = 164 + -68. What is the highest common factor of w and t?
12
Let a be 316/16 + (-2)/(-8). Suppose 0 = -3*t + 5*k + 235, k + 219 = 3*t - a. Calculate the highest common divisor of t and 16.
16
Let t be 2 - (-6 + 4 + -11). Suppose 0 = 2*k - m - 15, k - 5*m = 